{"version":"1.0","provider_name":"DELFINGEN","provider_url":"https:\/\/delfingen.com\/de\/","author_name":"admin-novembre","author_url":"https:\/\/delfingen.com\/de\/author\/adminnovembre\/","title":"Die DELFINGEN Foundation feiert ihr 10-j\u00e4hriges Jubil\u00e4um! | DELFINGEN","type":"rich","width":600,"height":338,"html":"<blockquote class=\"wp-embedded-content\" data-secret=\"1Y6DgiChng\"><a href=\"https:\/\/delfingen.com\/de\/die-delfingen-foundation-feiert-ihr-10-jaehriges-jubilaeum\/\">Die DELFINGEN Foundation feiert  ihr 10-j\u00e4hriges Jubil\u00e4um!<\/a><\/blockquote><iframe sandbox=\"allow-scripts\" security=\"restricted\" src=\"https:\/\/delfingen.com\/de\/die-delfingen-foundation-feiert-ihr-10-jaehriges-jubilaeum\/embed\/#?secret=1Y6DgiChng\" width=\"600\" height=\"338\" title=\"&#8220;Die DELFINGEN Foundation feiert  ihr 10-j\u00e4hriges Jubil\u00e4um!&#8221; &#8212; DELFINGEN\" data-secret=\"1Y6DgiChng\" frameborder=\"0\" marginwidth=\"0\" marginheight=\"0\" scrolling=\"no\" class=\"wp-embedded-content\"><\/iframe><script type=\"text\/javascript\">\n\/* <![CDATA[ *\/\n\/*! This file is auto-generated *\/\n!function(d,l){\"use strict\";l.querySelector&&d.addEventListener&&\"undefined\"!=typeof URL&&(d.wp=d.wp||{},d.wp.receiveEmbedMessage||(d.wp.receiveEmbedMessage=function(e){var t=e.data;if((t||t.secret||t.message||t.value)&&!\/[^a-zA-Z0-9]\/.test(t.secret)){for(var s,r,n,a=l.querySelectorAll('iframe[data-secret=\"'+t.secret+'\"]'),o=l.querySelectorAll('blockquote[data-secret=\"'+t.secret+'\"]'),c=new RegExp(\"^https?:$\",\"i\"),i=0;i<o.length;i++)o[i].style.display=\"none\";for(i=0;i<a.length;i++)s=a[i],e.source===s.contentWindow&&(s.removeAttribute(\"style\"),\"height\"===t.message?(1e3<(r=parseInt(t.value,10))?r=1e3:~~r<200&&(r=200),s.height=r):\"link\"===t.message&&(r=new URL(s.getAttribute(\"src\")),n=new URL(t.value),c.test(n.protocol))&&n.host===r.host&&l.activeElement===s&&(d.top.location.href=t.value))}},d.addEventListener(\"message\",d.wp.receiveEmbedMessage,!1),l.addEventListener(\"DOMContentLoaded\",function(){for(var e,t,s=l.querySelectorAll(\"iframe.wp-embedded-content\"),r=0;r<s.length;r++)(t=(e=s[r]).getAttribute(\"data-secret\"))||(t=Math.random().toString(36).substring(2,12),e.src+=\"#?secret=\"+t,e.setAttribute(\"data-secret\",t)),e.contentWindow.postMessage({message:\"ready\",secret:t},\"*\")},!1)))}(window,document);\n\/\/# sourceURL=https:\/\/delfingen.com\/wp-includes\/js\/wp-embed.min.js\n\/* ]]> *\/\n<\/script>\n","thumbnail_url":"https:\/\/delfingen.com\/medias\/2017\/06\/delfingen-colloque-fondation-colloque_bs.jpg","thumbnail_width":1600,"thumbnail_height":1066,"description":"Im Rahmen des 10-j\u00e4hrigen Jubil\u00e4ums in 2017 erweiterte die DELFINGEN Foundation ihr Aufgabengebiet um eine vierte S\u00e4ule &#8211; Behinderung. Bei dieser Gelegenheit war es wichtig, einen Blick zur\u00fcck auf die Geschichte des Unternehmens und seine Anf\u00e4nge zu werfen, denn als Emile Streit das Unternehmen 1954 gr\u00fcndete, ging es darum, seiner Schwester Jeannette, die wegen Kinderl\u00e4hmung [&hellip;]"}

Die DELFINGEN Foundation feiert ihr 10-jähriges Jubiläum! | DELFINGEN

<blockquote class="wp-embedded-content" data-secret="1Y6DgiChng"><a href="https://delfingen.com/de/die-delfingen-foundation-feiert-ihr-10-jaehriges-jubilaeum/">Die DELFINGEN Foundation feiert  ihr 10-jähriges Jubiläum!</a></blockquote><iframe sandbox="allow-scripts" security="restricted" src="https://delfingen.com/de/die-delfingen-foundation-feiert-ihr-10-jaehriges-jubilaeum/embed/#?secret=1Y6DgiChng" width="600" height="338" title="&#8220;Die DELFINGEN Foundation feiert  ihr 10-jähriges Jubiläum!&#8221; &#8212; DELFINGEN" data-secret="1Y6DgiChng" frameborder="0" marginwidth="0" marginheight="0" scrolling="no" class="wp-embedded-content"></iframe><script type="text/javascript">
/* <![CDATA[ */
/*! This file is auto-generated */
!function(d,l){"use strict";l.querySelector&&d.addEventListener&&"undefined"!=typeof URL&&(d.wp=d.wp||{},d.wp.receiveEmbedMessage||(d.wp.receiveEmbedMessage=function(e){var t=e.data;if((t||t.secret||t.message||t.value)&&!/[^a-zA-Z0-9]/.test(t.secret)){for(var s,r,n,a=l.querySelectorAll('iframe[data-secret="'+t.secret+'"]'),o=l.querySelectorAll('blockquote[data-secret="'+t.secret+'"]'),c=new RegExp("^https?:$","i"),i=0;i<o.length;i++)o[i].style.display="none";for(i=0;i<a.length;i++)s=a[i],e.source===s.contentWindow&&(s.removeAttribute("style"),"height"===t.message?(1e3<(r=parseInt(t.value,10))?r=1e3:~~r<200&&(r=200),s.height=r):"link"===t.message&&(r=new URL(s.getAttribute("src")),n=new URL(t.value),c.test(n.protocol))&&n.host===r.host&&l.activeElement===s&&(d.top.location.href=t.value))}},d.addEventListener("message",d.wp.receiveEmbedMessage,!1),l.addEventListener("DOMContentLoaded",function(){for(var e,t,s=l.querySelectorAll("iframe.wp-embedded-content"),r=0;r<s.length;r++)(t=(e=s[r]).getAttribute("data-secret"))||(t=Math.random().toString(36).substring(2,12),e.src+="#?secret="+t,e.setAttribute("data-secret",t)),e.contentWindow.postMessage({message:"ready",secret:t},"*")},!1)))}(window,document);
//# sourceURL=https://delfingen.com/wp-includes/js/wp-embed.min.js
/* ]]> */
</script>

Im Rahmen des 10-jährigen Jubiläums in 2017 erweiterte die DELFINGEN Foundation ihr Aufgabengebiet um eine vierte Säule &#8211; Behinderung. Bei dieser Gelegenheit war es wichtig, einen Blick zurück auf die Geschichte des Unternehmens und seine Anfänge zu werfen, denn als Emile Streit das Unternehmen 1954 gründete, ging es darum, seiner Schwester Jeannette, die wegen Kinderlähmung [&hellip;]
